{"id":165,"date":"2020-03-15T20:08:45","date_gmt":"2020-03-15T19:08:45","guid":{"rendered":"http:\/\/batypique.fr\/?page_id=165"},"modified":"2020-07-08T07:55:01","modified_gmt":"2020-07-08T05:55:01","slug":"offre","status":"publish","type":"page","link":"https:\/\/batypique.fr\/?page_id=165","title":{"rendered":""},"content":{"rendered":"\t\t<div data-elementor-type=\"wp-page\" data-elementor-id=\"165\" class=\"elementor elementor-165\">\n\t\t\t\t\t\t<div class=\"elementor-inner\">\n\t\t\t\t<div class=\"elementor-section-wrap\">\n\t\t\t\t\t\t\t\t\t<section class=\"elementor-section elementor-top-section elementor-element elementor-element-99e254f elementor-section-stretched elementor-section-boxed elementor-section-height-default elementor-section-height-default\" data-id=\"99e254f\" data-element_type=\"section\" data-settings=\"{&quot;stretch_section&quot;:&quot;section-stretched&quot;}\">\n\t\t\t\t\t\t<div class=\"elementor-container elementor-column-gap-wider\">\n\t\t\t\t\t\t\t<div class=\"elementor-row\">\n\t\t\t\t\t<div class=\"elementor-column elementor-col-33 elementor-top-column elementor-element elementor-element-80fc96b\" data-id=\"80fc96b\" data-element_type=\"column\">\n\t\t\t<div class=\"elementor-column-wrap elementor-element-populated\">\n\t\t\t\t\t\t\t<div class=\"elementor-widget-wrap\">\n\t\t\t\t\t\t<div class=\"elementor-element elementor-element-6124aeb elementor-widget elementor-widget-image\" data-id=\"6124aeb\" data-element_type=\"widget\" data-widget_type=\"image.default\">\n\t\t\t\t<div class=\"elementor-widget-container\">\n\t\t\t\t\t\t\t\t<div class=\"elementor-image\">\n\t\t\t\t\t\t\t\t\t\t\t\t<img decoding=\"async\" src=\"https:\/\/batypique.fr\/wp-content\/uploads\/elementor\/thumbs\/yapluka-op9c8egiz4dx6nxeip2nj7apiaouuymyml0gj446iw.png\" title=\"yapluka\" alt=\"yapluka\" \/>\t\t\t\t\t\t\t\t\t\t\t\t\t\t<\/div>\n\t\t\t\t\t\t<\/div>\n\t\t\t\t<\/div>\n\t\t\t\t<div class=\"elementor-element elementor-element-ab46168 elementor-widget elementor-widget-heading\" data-id=\"ab46168\" data-element_type=\"widget\" data-widget_type=\"heading.default\">\n\t\t\t\t<div class=\"elementor-widget-container\">\n\t\t\t<h2 class=\"elementor-heading-title elementor-size-default\">Coaching \u00e9tudiant<\/h2>\t\t<\/div>\n\t\t\t\t<\/div>\n\t\t\t\t<div class=\"elementor-element elementor-element-0dadec2 elementor-widget elementor-widget-text-editor\" data-id=\"0dadec2\" data-element_type=\"widget\" data-widget_type=\"text-editor.default\">\n\t\t\t\t<div class=\"elementor-widget-container\">\n\t\t\t\t\t\t\t\t<div class=\"elementor-text-editor elementor-clearfix\">\n\t\t\t\t<p><strong>Vous<\/strong><b> vous questionnez dans le choix<br \/>de votre avenir professionnel ?<\/b><\/p><p><b>Public : <\/b>jeunes<br \/><b> Les +<\/b><\/p><ul><li>Prendre conscience de ses talents, valeurs, motivations<\/li><li><span style=\"font-size: 1rem;\">Identifier un parcours adapt\u00e9<\/span><\/li><li>Optimiser motivation, confiance et bien-\u00eatre gr\u00e2ce aux outils de psychologie positive<\/li><\/ul><p><b>Dur\u00e9e : <\/b>Plusieurs\u00a0 s\u00e9ances de 1 heure, accompagnement \u00e0 d\u00e9finir selon votre demande<\/p>\t\t\t\t\t<\/div>\n\t\t\t\t\t\t<\/div>\n\t\t\t\t<\/div>\n\t\t\t\t\t\t<\/div>\n\t\t\t\t\t<\/div>\n\t\t<\/div>\n\t\t\t\t<div class=\"elementor-column elementor-col-33 elementor-top-column elementor-element elementor-element-c4b5f40\" data-id=\"c4b5f40\" data-element_type=\"column\">\n\t\t\t<div class=\"elementor-column-wrap elementor-element-populated\">\n\t\t\t\t\t\t\t<div class=\"elementor-widget-wrap\">\n\t\t\t\t\t\t<div class=\"elementor-element elementor-element-5af048e elementor-widget elementor-widget-image\" data-id=\"5af048e\" data-element_type=\"widget\" data-widget_type=\"image.default\">\n\t\t\t\t<div class=\"elementor-widget-container\">\n\t\t\t\t\t\t\t\t<div class=\"elementor-image\">\n\t\t\t\t\t\t\t\t\t\t\t\t<img decoding=\"async\" src=\"https:\/\/batypique.fr\/wp-content\/uploads\/elementor\/thumbs\/Lampion1-1-op9c4tomythn034generjlsk4ibkkffqgvmxs7f47c.png\" title=\"Lampion1\" alt=\"Lampion1\" \/>\t\t\t\t\t\t\t\t\t\t\t\t\t\t<\/div>\n\t\t\t\t\t\t<\/div>\n\t\t\t\t<\/div>\n\t\t\t\t<div class=\"elementor-element elementor-element-84757e4 elementor-widget elementor-widget-heading\" data-id=\"84757e4\" data-element_type=\"widget\" data-widget_type=\"heading.default\">\n\t\t\t\t<div class=\"elementor-widget-container\">\n\t\t\t<h2 class=\"elementor-heading-title elementor-size-default\">Coaching de trajectoire<\/h2>\t\t<\/div>\n\t\t\t\t<\/div>\n\t\t\t\t<div class=\"elementor-element elementor-element-5a374ba elementor-widget elementor-widget-text-editor\" data-id=\"5a374ba\" data-element_type=\"widget\" data-widget_type=\"text-editor.default\">\n\t\t\t\t<div class=\"elementor-widget-container\">\n\t\t\t\t\t\t\t\t<div class=\"elementor-text-editor elementor-clearfix\">\n\t\t\t\t<p><b>Vous avez besoin d\u2019un accompagnement pour rebondir, vous ne vous retrouvez plus dans votre travail mains ne savez pas par quoi commencer\u2026<\/b><b><br \/><\/b><\/p><p><b>Public\u00a0: <\/b>salari\u00e9s, en recherche d\u2019emploi<br \/><b>Les + <br \/><\/b><\/p><ul><li>Faciliter vos transitions et\u00a0 vous offrir un espace de parole s\u00e9curis\u00e9<\/li><li>D\u00e9buter par une phase de diagnostic pour\u00a0 identifier des axes de progr\u00e8s concrets<\/li><\/ul><p><b>Dur\u00e9e :\u00a0 <\/b>Plusieurs s\u00e9ances de 1 heure , accompagnement \u00e0 d\u00e9finir selon votre demande<\/p>\t\t\t\t\t<\/div>\n\t\t\t\t\t\t<\/div>\n\t\t\t\t<\/div>\n\t\t\t\t\t\t<\/div>\n\t\t\t\t\t<\/div>\n\t\t<\/div>\n\t\t\t\t<div class=\"elementor-column elementor-col-33 elementor-top-column elementor-element elementor-element-75b07bc\" data-id=\"75b07bc\" data-element_type=\"column\">\n\t\t\t<div class=\"elementor-column-wrap elementor-element-populated\">\n\t\t\t\t\t\t\t<div class=\"elementor-widget-wrap\">\n\t\t\t\t\t\t<div class=\"elementor-element elementor-element-b0c9bb1 elementor-widget elementor-widget-image\" data-id=\"b0c9bb1\" data-element_type=\"widget\" data-widget_type=\"image.default\">\n\t\t\t\t<div class=\"elementor-widget-container\">\n\t\t\t\t\t\t\t\t<div class=\"elementor-image\">\n\t\t\t\t\t\t\t\t\t\t\t\t<img decoding=\"async\" src=\"https:\/\/batypique.fr\/wp-content\/uploads\/elementor\/thumbs\/touages-op9c777y8qqqclo7j6dtci7i6klz0vvb4n04gdwah4.jpg\" title=\"motion gears -team force\" alt=\"Three gears in action. Shallow dof, focus in the theeth that make contact. Metaphorical illustration of Industrial workforce, business worflow, teamwork cooperation, energy, transmition,  motor\" \/>\t\t\t\t\t\t\t\t\t\t\t\t\t\t<\/div>\n\t\t\t\t\t\t<\/div>\n\t\t\t\t<\/div>\n\t\t\t\t<div class=\"elementor-element elementor-element-e9afcc6 elementor-widget elementor-widget-heading\" data-id=\"e9afcc6\" data-element_type=\"widget\" data-widget_type=\"heading.default\">\n\t\t\t\t<div class=\"elementor-widget-container\">\n\t\t\t<h2 class=\"elementor-heading-title elementor-size-default\">Conseil<\/h2>\t\t<\/div>\n\t\t\t\t<\/div>\n\t\t\t\t<div class=\"elementor-element elementor-element-76dee38 elementor-widget elementor-widget-text-editor\" data-id=\"76dee38\" data-element_type=\"widget\" data-widget_type=\"text-editor.default\">\n\t\t\t\t<div class=\"elementor-widget-container\">\n\t\t\t\t\t\t\t\t<div class=\"elementor-text-editor elementor-clearfix\">\n\t\t\t\t<p><b>Vous cherchez un expert pour construire des parcours de formation, un campus interne, relooker votre offre de formation<\/b><\/p><p><b>Public :<\/b> tout type d\u2019organisation<br \/><b style=\"font-size: 1rem;\">Les + <br \/><\/b><\/p><ul><li>Un accompagnement op\u00e9rationnel sur mesure au service de l\u2019\u00e9volution de votre organisation<\/li><li>Une intervention qui d\u00e9bute avec les phases amont\u00a0 (\u00e9tude de faisabilit\u00e9 , audit jusqu&rsquo;aux plans d\u2019action op\u00e9rationnel).<\/li><li>Une co-construction \u00e0 chaque \u00e9tape<\/li><li>Une p\u00e9dagogie ludique et immersive : \u00ab Fais, tu comprendras \u00bb :\u00a0 pour exp\u00e9rimenter avant de d\u00e9crypter et \u00ab Comprends comment tu fonctionnes \u00bb, pour que la prise de conscience se transforme en action.<\/li><li>Un accompagnement dans la phase de mise en \u0153uvre via des actions de formation, de d\u00e9multiplication et de coaching<\/li><\/ul><p><b>Dur\u00e9e :<\/b> Variable selon les projets\u00a0<\/p>\t\t\t\t\t<\/div>\n\t\t\t\t\t\t<\/div>\n\t\t\t\t<\/div>\n\t\t\t\t\t\t<\/div>\n\t\t\t\t\t<\/div>\n\t\t<\/div>\n\t\t\t\t\t\t\t\t<\/div>\n\t\t\t\t\t<\/div>\n\t\t<\/section>\n\t\t\t\t<section class=\"elementor-section elementor-top-section elementor-element elementor-element-c8d4199 elementor-section-stretched elementor-section-full_width elementor-section-height-default elementor-section-height-default\" data-id=\"c8d4199\" data-element_type=\"section\" data-settings=\"{&quot;stretch_section&quot;:&quot;section-stretched&quot;}\">\n\t\t\t\t\t\t<div class=\"elementor-container elementor-column-gap-default\">\n\t\t\t\t\t\t\t<div class=\"elementor-row\">\n\t\t\t\t\t<div class=\"elementor-column elementor-col-100 elementor-top-column elementor-element elementor-element-23e97aa\" data-id=\"23e97aa\" data-element_type=\"column\">\n\t\t\t<div class=\"elementor-column-wrap elementor-element-populated\">\n\t\t\t\t\t\t\t<div class=\"elementor-widget-wrap\">\n\t\t\t\t\t\t<div class=\"elementor-element elementor-element-a78581a elementor-widget-divider--view-line elementor-widget elementor-widget-divider\" data-id=\"a78581a\" data-element_type=\"widget\" data-widget_type=\"divider.default\">\n\t\t\t\t<div class=\"elementor-widget-container\">\n\t\t\t\t\t<div class=\"elementor-divider\">\n\t\t\t<span class=\"elementor-divider-separator\">\n\t\t\t\t\t\t<\/span>\n\t\t<\/div>\n\t\t\t\t<\/div>\n\t\t\t\t<\/div>\n\t\t\t\t\t\t<\/div>\n\t\t\t\t\t<\/div>\n\t\t<\/div>\n\t\t\t\t\t\t\t\t<\/div>\n\t\t\t\t\t<\/div>\n\t\t<\/section>\n\t\t\t\t<section class=\"elementor-section elementor-top-section elementor-element elementor-element-4a42c31 elementor-section-stretched elementor-section-boxed elementor-section-height-default elementor-section-height-default\" data-id=\"4a42c31\" data-element_type=\"section\" data-settings=\"{&quot;stretch_section&quot;:&quot;section-stretched&quot;}\">\n\t\t\t\t\t\t<div class=\"elementor-container elementor-column-gap-default\">\n\t\t\t\t\t\t\t<div class=\"elementor-row\">\n\t\t\t\t\t<div class=\"elementor-column elementor-col-33 elementor-top-column elementor-element elementor-element-85ccc5e\" data-id=\"85ccc5e\" data-element_type=\"column\">\n\t\t\t<div class=\"elementor-column-wrap elementor-element-populated\">\n\t\t\t\t\t\t\t<div class=\"elementor-widget-wrap\">\n\t\t\t\t\t\t<div class=\"elementor-element elementor-element-ab269b5 elementor-widget elementor-widget-testimonial\" data-id=\"ab269b5\" data-element_type=\"widget\" data-widget_type=\"testimonial.default\">\n\t\t\t\t<div class=\"elementor-widget-container\">\n\t\t\t\t\t<div class=\"elementor-testimonial-wrapper\">\n\t\t\t\t\t\t\t<div class=\"elementor-testimonial-content\">En pleine reconversion professionnelle, j\u2019ai \u00e9t\u00e9 accompagn\u00e9e par B\u00e9atrice car je traversais une p\u00e9riode de doutes. \nJe recommande vivement son travail, sa m\u00e9thode, ses outils pertinents et ludiques, sa grande capacit\u00e9 d\u2019\u00e9coute, l\u2019intelligence humaine avec laquelle elle nous fait rebondir sur nos questionnements et nous am\u00e8ne vers une vision positive d\u2019une probl\u00e9matique. <\/div>\n\t\t\t\n\t\t\t\t\t\t<div class=\"elementor-testimonial-meta\">\n\t\t\t\t<div class=\"elementor-testimonial-meta-inner\">\n\t\t\t\t\t\n\t\t\t\t\t\t\t\t\t\t<div class=\"elementor-testimonial-details\">\n\t\t\t\t\t\t\t\t\t\t\t\t\t\t<div class=\"elementor-testimonial-name\">Florence A<\/div>\n\t\t\t\t\t\t\t\t\t\t\t\t\t\t\t\t\t\t\t<\/div>\n\t\t\t\t\t\t\t\t\t<\/div>\n\t\t\t<\/div>\n\t\t\t\t\t<\/div>\n\t\t\t\t<\/div>\n\t\t\t\t<\/div>\n\t\t\t\t\t\t<\/div>\n\t\t\t\t\t<\/div>\n\t\t<\/div>\n\t\t\t\t<div class=\"elementor-column elementor-col-33 elementor-top-column elementor-element elementor-element-bc8eee3\" data-id=\"bc8eee3\" data-element_type=\"column\">\n\t\t\t<div class=\"elementor-column-wrap elementor-element-populated\">\n\t\t\t\t\t\t\t<div class=\"elementor-widget-wrap\">\n\t\t\t\t\t\t<div class=\"elementor-element elementor-element-2c916fb elementor-widget elementor-widget-testimonial\" data-id=\"2c916fb\" data-element_type=\"widget\" data-widget_type=\"testimonial.default\">\n\t\t\t\t<div class=\"elementor-widget-container\">\n\t\t\t\t\t<div class=\"elementor-testimonial-wrapper\">\n\t\t\t\t\t\t\t<div class=\"elementor-testimonial-content\">J'ai eut le plaisir de suivre l'accompagnement individuel et personnalis\u00e9 de jobcrafting de B\u00e9atrice. Une super exp\u00e9rience \u00e0 la fois ludique (sans \u00eatre simpliste) et tr\u00e8s instructive qui m'a donn\u00e9e l'occasion de prendre du recul sur mon travail et de mieux comprendre les m\u00e9canismes \u00e9motionnels qui me sont propre. <\/div>\n\t\t\t\n\t\t\t\t\t\t<div class=\"elementor-testimonial-meta\">\n\t\t\t\t<div class=\"elementor-testimonial-meta-inner\">\n\t\t\t\t\t\n\t\t\t\t\t\t\t\t\t\t<div class=\"elementor-testimonial-details\">\n\t\t\t\t\t\t\t\t\t\t\t\t\t\t<div class=\"elementor-testimonial-name\">Elisabeth F<\/div>\n\t\t\t\t\t\t\t\t\t\t\t\t\t\t\t\t\t\t\t<\/div>\n\t\t\t\t\t\t\t\t\t<\/div>\n\t\t\t<\/div>\n\t\t\t\t\t<\/div>\n\t\t\t\t<\/div>\n\t\t\t\t<\/div>\n\t\t\t\t\t\t<\/div>\n\t\t\t\t\t<\/div>\n\t\t<\/div>\n\t\t\t\t<div class=\"elementor-column elementor-col-33 elementor-top-column elementor-element elementor-element-db55275\" data-id=\"db55275\" data-element_type=\"column\">\n\t\t\t<div class=\"elementor-column-wrap elementor-element-populated\">\n\t\t\t\t\t\t\t<div class=\"elementor-widget-wrap\">\n\t\t\t\t\t\t<div class=\"elementor-element elementor-element-4cdd4d7 elementor-widget elementor-widget-testimonial\" data-id=\"4cdd4d7\" data-element_type=\"widget\" data-widget_type=\"testimonial.default\">\n\t\t\t\t<div class=\"elementor-widget-container\">\n\t\t\t\t\t<div class=\"elementor-testimonial-wrapper\">\n\t\t\t\t\t\t\t<div class=\"elementor-testimonial-content\">B\u00e9atrice une professionnelle investie, curieuse et \u00e0 l'\u00e9coute. Elle sait manier le sens de l'\u00e9coute avec le savoir-faire dans la prise de d\u00e9cision. Moderne et joyeuse c'est une professionnelle que je recommande.<\/div>\n\t\t\t\n\t\t\t\t\t\t<div class=\"elementor-testimonial-meta\">\n\t\t\t\t<div class=\"elementor-testimonial-meta-inner\">\n\t\t\t\t\t\n\t\t\t\t\t\t\t\t\t\t<div class=\"elementor-testimonial-details\">\n\t\t\t\t\t\t\t\t\t\t\t\t\t\t<div class=\"elementor-testimonial-name\">Kevin T<\/div>\n\t\t\t\t\t\t\t\t\t\t\t\t\t\t\t\t\t\t\t<\/div>\n\t\t\t\t\t\t\t\t\t<\/div>\n\t\t\t<\/div>\n\t\t\t\t\t<\/div>\n\t\t\t\t<\/div>\n\t\t\t\t<\/div>\n\t\t\t\t\t\t<\/div>\n\t\t\t\t\t<\/div>\n\t\t<\/div>\n\t\t\t\t\t\t\t\t<\/div>\n\t\t\t\t\t<\/div>\n\t\t<\/section>\n\t\t\t\t\t\t\t\t\t<\/div>\n\t\t\t<\/div>\n\t\t\t\t\t<\/div>\n\t\t","protected":false},"excerpt":{"rendered":"<p>Coaching \u00e9tudiant Vous vous questionnez dans le choix de votre avenir professionnel ? Public : jeunes Les + Prendre conscience de ses talents, valeurs, motivations Identifier un parcours adapt\u00e9 Optimiser motivation, confiance et bien-\u00eatre gr\u00e2ce aux outils de psychologie positive Dur\u00e9e : Plusieurs&nbsp; s\u00e9ances de 1 heure, accompagnement \u00e0 d\u00e9finir selon votre demande Coaching de &hellip; <\/p>\n<p class=\"link-more\"><a href=\"https:\/\/batypique.fr\/?page_id=165\" class=\"more-link\">Continuer la lecture<span class=\"screen-reader-text\"> de &laquo;&nbsp;&nbsp;&raquo;<\/span><\/a><\/p>\n","protected":false},"author":1,"featured_media":0,"parent":0,"menu_order":0,"comment_status":"closed","ping_status":"closed","template":"","meta":{"footnotes":""},"_links":{"self":[{"href":"https:\/\/batypique.fr\/index.php?rest_route=\/wp\/v2\/pages\/165"}],"collection":[{"href":"https:\/\/batypique.fr\/index.php?rest_route=\/wp\/v2\/pages"}],"about":[{"href":"https:\/\/batypique.fr\/index.php?rest_route=\/wp\/v2\/types\/page"}],"author":[{"embeddable":true,"href":"https:\/\/batypique.fr\/index.php?rest_route=\/wp\/v2\/users\/1"}],"replies":[{"embeddable":true,"href":"https:\/\/batypique.fr\/index.php?rest_route=%2Fwp%2Fv2%2Fcomments&post=165"}],"version-history":[{"count":59,"href":"https:\/\/batypique.fr\/index.php?rest_route=\/wp\/v2\/pages\/165\/revisions"}],"predecessor-version":[{"id":568,"href":"https:\/\/batypique.fr\/index.php?rest_route=\/wp\/v2\/pages\/165\/revisions\/568"}],"wp:attachment":[{"href":"https:\/\/batypique.fr\/index.php?rest_route=%2Fwp%2Fv2%2Fmedia&parent=165"}],"curies":[{"name":"wp","href":"https:\/\/api.w.org\/{rel}","templated":true}]}}